{"id":189,"date":"2020-01-10T16:54:05","date_gmt":"2020-01-10T16:54:05","guid":{"rendered":"http:\/\/pcpsicologia.com\/?page_id=189"},"modified":"2020-02-24T15:49:35","modified_gmt":"2020-02-24T15:49:35","slug":"psicoterapia-per-adolescent-i-joves","status":"publish","type":"page","link":"https:\/\/pcpsicologia.com\/index.php\/psicoterapia-per-adolescent-i-joves\/","title":{"rendered":"Psicoterapia per Adolescent i Joves"},"content":{"rendered":"\t\t<div data-elementor-type=\"wp-page\" data-elementor-id=\"189\" class=\"elementor elementor-189\">\n\t\t\t\t\t\t<section class=\"elementor-section elementor-top-section elementor-element elementor-element-47711d69 elementor-section-content-middle elementor-section-boxed elementor-section-height-default elementor-section-height-default\" data-id=\"47711d69\" data-element_type=\"section\" data-e-type=\"section\">\n\t\t\t\t\t\t<div class=\"elementor-container elementor-column-gap-no\">\n\t\t\t\t\t<div class=\"elementor-column elementor-col-50 elementor-top-column elementor-element elementor-element-bf14aee\" data-id=\"bf14aee\" data-element_type=\"column\" data-e-type=\"column\" data-settings=\"{&quot;background_background&quot;:&quot;classic&quot;}\">\n\t\t\t<div class=\"elementor-widget-wrap elementor-element-populated\">\n\t\t\t\t\t\t<div class=\"elementor-element elementor-element-2d79afcf elementor-widget elementor-widget-heading\" data-id=\"2d79afcf\" data-element_type=\"widget\" data-e-type=\"widget\" data-widget_type=\"heading.default\">\n\t\t\t\t<div class=\"elementor-widget-container\">\n\t\t\t\t\t<h4 class=\"elementor-heading-title elementor-size-default\">Psicoter\u00e0pia per Adolescents i Joves<\/h4>\t\t\t\t<\/div>\n\t\t\t\t<\/div>\n\t\t\t\t<div class=\"elementor-element elementor-element-553806d5 elementor-widget elementor-widget-text-editor\" data-id=\"553806d5\" data-element_type=\"widget\" data-e-type=\"widget\" data-widget_type=\"text-editor.default\">\n\t\t\t\t<div class=\"elementor-widget-container\">\n\t\t\t\t\t\t\t\t\t<p>L&#8217;adolesc\u00e8ncia m\u00e9s que una etapa estabilitzada \u00e9s proc\u00e9s i desenvolupament. L&#8217;adolescent travessa per desequilibris i inestabilitats extremes, pertorbadors pel m\u00f3n adult, per\u00f2 necess\u00e0ries per a l&#8217;adolescent, que en aquest proc\u00e9s constituir\u00e0 la seva identitat, l&#8217;objectiu final d&#8217;aquest moment vital.<\/p><p>\u00a0<\/p>\t\t\t\t\t\t\t\t<\/div>\n\t\t\t\t<\/div>\n\t\t\t\t\t<\/div>\n\t\t<\/div>\n\t\t\t\t<div class=\"elementor-column elementor-col-50 elementor-top-column elementor-element elementor-element-2cd8149a\" data-id=\"2cd8149a\" data-element_type=\"column\" data-e-type=\"column\">\n\t\t\t<div class=\"elementor-widget-wrap elementor-element-populated\">\n\t\t\t\t\t\t<div class=\"elementor-element elementor-element-6b2393d1 elementor-widget elementor-widget-video\" data-id=\"6b2393d1\" data-element_type=\"widget\" data-e-type=\"widget\" data-settings=\"{&quot;youtube_url&quot;:&quot;https:\\\/\\\/www.youtube.com\\\/watch?v=BfwEuCTJlrE&quot;,&quot;video_type&quot;:&quot;youtube&quot;,&quot;controls&quot;:&quot;yes&quot;}\" data-widget_type=\"video.default\">\n\t\t\t\t<div class=\"elementor-widget-container\">\n\t\t\t\t\t\t\t<div class=\"elementor-wrapper elementor-open-inline\">\n\t\t\t<div class=\"elementor-video\"><\/div>\t\t<\/div>\n\t\t\t\t\t\t<\/div>\n\t\t\t\t<\/div>\n\t\t\t\t\t<\/div>\n\t\t<\/div>\n\t\t\t\t\t<\/div>\n\t\t<\/section>\n\t\t\t\t<section class=\"elementor-section elementor-top-section elementor-element elementor-element-74495687 elementor-section-content-middle elementor-section-boxed elementor-section-height-default elementor-section-height-default\" data-id=\"74495687\" data-element_type=\"section\" data-e-type=\"section\" data-settings=\"{&quot;background_background&quot;:&quot;classic&quot;}\">\n\t\t\t\t\t\t<div class=\"elementor-container elementor-column-gap-no\">\n\t\t\t\t\t<div class=\"elementor-column elementor-col-50 elementor-top-column elementor-element elementor-element-12d04604\" data-id=\"12d04604\" data-element_type=\"column\" data-e-type=\"column\">\n\t\t\t<div class=\"elementor-widget-wrap elementor-element-populated\">\n\t\t\t\t\t\t<div class=\"elementor-element elementor-element-752ad306 elementor-widget-divider--view-line elementor-widget elementor-widget-divider\" data-id=\"752ad306\" data-element_type=\"widget\" data-e-type=\"widget\" data-widget_type=\"divider.default\">\n\t\t\t\t<div class=\"elementor-widget-container\">\n\t\t\t\t\t\t\t<div class=\"elementor-divider\">\n\t\t\t<span class=\"elementor-divider-separator\">\n\t\t\t\t\t\t<\/span>\n\t\t<\/div>\n\t\t\t\t\t\t<\/div>\n\t\t\t\t<\/div>\n\t\t\t\t<div class=\"elementor-element elementor-element-1e46e346 elementor-widget elementor-widget-heading\" data-id=\"1e46e346\" data-element_type=\"widget\" data-e-type=\"widget\" data-widget_type=\"heading.default\">\n\t\t\t\t<div class=\"elementor-widget-container\">\n\t\t\t\t\t<h4 class=\"elementor-heading-title elementor-size-default\">Quan potser adient consultar?<\/h4>\t\t\t\t<\/div>\n\t\t\t\t<\/div>\n\t\t\t\t\t<\/div>\n\t\t<\/div>\n\t\t\t\t<div class=\"elementor-column elementor-col-50 elementor-top-column elementor-element elementor-element-5f7b3b9c\" data-id=\"5f7b3b9c\" data-element_type=\"column\" data-e-type=\"column\" data-settings=\"{&quot;background_background&quot;:&quot;classic&quot;}\">\n\t\t\t<div class=\"elementor-widget-wrap elementor-element-populated\">\n\t\t\t\t\t\t<div class=\"elementor-element elementor-element-681f882f elementor-widget elementor-widget-text-editor\" data-id=\"681f882f\" data-element_type=\"widget\" data-e-type=\"widget\" data-widget_type=\"text-editor.default\">\n\t\t\t\t<div class=\"elementor-widget-container\">\n\t\t\t\t\t\t\t\t\t<p>\u00a0<\/p><p>L&#8217;adolescent haur\u00e0 d&#8217;enfrentar-se al m\u00f3n adult (pel que no est\u00e0 preparat encara) i desprendren&#8217;s del seu m\u00f3n infantil.<\/p><p>Canviar\u00e0 el seu cos, perder\u00e0 el rol i la identitat infantil, haur\u00e0 de renunciar a la depen\u00e8ncia cap als pares, i acceptar responsabilitat que encara desconeix.<\/p><p>\u00c9s tracta d&#8217;un periode de contradiccions, conf\u00fas, ambivalent, dolor\u00f3s, caracteritzat per friccions amb l&#8217;entorn familiar i social.<\/p><p>Es tracta d&#8217;un temps de <strong>patiment<\/strong> (angoixa, tristor, rebeldia) <strong>moderat<\/strong>.<\/p><p>Tot i aix\u00ed, si aquest patiment es tradueix en <strong>comportament perillosos<\/strong>, \u00e9s ha dir que el <strong>patiment<\/strong> es torna <strong>int\u00e9s<\/strong>, llavors \u00e9s convenient consultar amb un especialista.<\/p>\t\t\t\t\t\t\t\t<\/div>\n\t\t\t\t<\/div>\n\t\t\t\t<div class=\"elementor-element elementor-element-3233624 elementor-widget elementor-widget-text-editor\" data-id=\"3233624\" data-element_type=\"widget\" data-e-type=\"widget\" data-widget_type=\"text-editor.default\">\n\t\t\t\t<div class=\"elementor-widget-container\">\n\t\t\t\t\t\t\t\t\t<p>Qu\u00e8 es considera patiment intens:<br \/><br \/>Comportaments <span class=\"hiddenGrammarError\">depressiu<\/span>. A\u00efllament social I familiar.<br \/>Intents de su\u00efcidi.<br \/>Consum de drogues dures.<br \/>Ab\u00fas de drogues i alcohol.<br \/>Pornografia invasiva.<br \/>Anor\u00e8xia i Bul\u00edmia.<br \/>Distanciament escolar i absentisme.<br \/>Vandalisme. Conductes agressives envers altres i amb si mateix.<br \/>Ciberdepend\u00e8ncia i ab\u00fas en l&#8217;\u00fas de les xarxes social.<br \/>F\u00f2bies<br \/>Atacs d&#8217;ansietat i angoixa en reiterades ocasions.<br \/>Trastorns obsessius compulsius.<\/p>\t\t\t\t\t\t\t\t<\/div>\n\t\t\t\t<\/div>\n\t\t\t\t\t<\/div>\n\t\t<\/div>\n\t\t\t\t\t<\/div>\n\t\t<\/section>\n\t\t\t\t<\/div>\n\t\t","protected":false},"excerpt":{"rendered":"<p>Psicoter\u00e0pia per Adolescents i Joves L&#8217;adolesc\u00e8ncia m\u00e9s que una etapa estabilitzada \u00e9s proc\u00e9s i desenvolupament. L&#8217;adolescent travessa per desequilibris i inestabilitats extremes, pertorbadors pel m\u00f3n adult, per\u00f2 necess\u00e0ries per a l&#8217;adolescent, que en aquest proc\u00e9s constituir\u00e0 la seva identitat, l&#8217;objectiu final d&#8217;aquest moment vital. \u00a0 https:\/\/www.youtube.com\/watch?v=BfwEuCTJlrE Quan potser adient consultar? \u00a0 L&#8217;adolescent haur\u00e0 d&#8217;enfrentar-se al [&hellip;]<\/p>\n","protected":false},"author":1,"featured_media":0,"parent":0,"menu_order":0,"comment_status":"closed","ping_status":"closed","template":"","meta":{"site-sidebar-layout":"no-sidebar","site-content-layout":"page-builder","ast-site-content-layout":"default","site-content-style":"default","site-sidebar-style":"default","ast-global-header-display":"","ast-banner-title-visibility":"","ast-main-header-display":"","ast-hfb-above-header-display":"","ast-hfb-below-header-display":"","ast-hfb-mobile-header-display":"","site-post-title":"disabled","ast-breadcrumbs-content":"","ast-featured-img":"disabled","footer-sml-layout":"","ast-disable-related-posts":"","theme-transparent-header-meta":"default","adv-header-id-meta":"","stick-header-meta":"","header-above-stick-meta":"","header-main-stick-meta":"","header-below-stick-meta":"","astra-migrate-meta-layouts":"default","ast-page-background-enabled":"default","ast-page-background-meta":{"desktop":{"background-color":"","background-image":"","background-repeat":"repeat","background-position":"center center","background-size":"auto","background-attachment":"scroll","background-type":"","background-media":"","overlay-type":"","overlay-color":"","overlay-opacity":"","overlay-gradient":""},"tablet":{"background-color":"","background-image":"","background-repeat":"repeat","background-position":"center center","background-size":"auto","background-attachment":"scroll","background-type":"","background-media":"","overlay-type":"","overlay-color":"","overlay-opacity":"","overlay-gradient":""},"mobile":{"background-color":"","background-image":"","background-repeat":"repeat","background-position":"center center","background-size":"auto","background-attachment":"scroll","background-type":"","background-media":"","overlay-type":"","overlay-color":"","overlay-opacity":"","overlay-gradient":""}},"ast-content-background-meta":{"desktop":{"background-color":"var(--ast-global-color-5)","background-image":"","background-repeat":"repeat","background-position":"center center","background-size":"auto","background-attachment":"scroll","background-type":"","background-media":"","overlay-type":"","overlay-color":"","overlay-opacity":"","overlay-gradient":""},"tablet":{"background-color":"var(--ast-global-color-5)","background-image":"","background-repeat":"repeat","background-position":"center center","background-size":"auto","background-attachment":"scroll","background-type":"","background-media":"","overlay-type":"","overlay-color":"","overlay-opacity":"","overlay-gradient":""},"mobile":{"background-color":"var(--ast-global-color-5)","background-image":"","background-repeat":"repeat","background-position":"center center","background-size":"auto","background-attachment":"scroll","background-type":"","background-media":"","overlay-type":"","overlay-color":"","overlay-opacity":"","overlay-gradient":""}},"footnotes":""},"class_list":["post-189","page","type-page","status-publish","hentry"],"_links":{"self":[{"href":"https:\/\/pcpsicologia.com\/index.php\/wp-json\/wp\/v2\/pages\/189","targetHints":{"allow":["GET"]}}],"collection":[{"href":"https:\/\/pcpsicologia.com\/index.php\/wp-json\/wp\/v2\/pages"}],"about":[{"href":"https:\/\/pcpsicologia.com\/index.php\/wp-json\/wp\/v2\/types\/page"}],"author":[{"embeddable":true,"href":"https:\/\/pcpsicologia.com\/index.php\/wp-json\/wp\/v2\/users\/1"}],"replies":[{"embeddable":true,"href":"https:\/\/pcpsicologia.com\/index.php\/wp-json\/wp\/v2\/comments?post=189"}],"version-history":[{"count":17,"href":"https:\/\/pcpsicologia.com\/index.php\/wp-json\/wp\/v2\/pages\/189\/revisions"}],"predecessor-version":[{"id":474,"href":"https:\/\/pcpsicologia.com\/index.php\/wp-json\/wp\/v2\/pages\/189\/revisions\/474"}],"wp:attachment":[{"href":"https:\/\/pcpsicologia.com\/index.php\/wp-json\/wp\/v2\/media?parent=189"}],"curies":[{"name":"wp","href":"https:\/\/api.w.org\/{rel}","templated":true}]}}